{"id":556,"date":"2018-01-22T17:01:33","date_gmt":"2018-01-22T16:01:33","guid":{"rendered":"podlove-2018-01-18t19:39:22+00:00-4bb90d0d04793ef"},"modified":"2018-01-24T22:10:40","modified_gmt":"2018-01-24T21:10:40","slug":"rb046-nl-30-juli-2017-urlaub-zu-ende-leider","status":"publish","type":"podcast","link":"https:\/\/www.reisetagebuch-podcast.de\/wordpress\/2018\/01\/22\/rb046-nl-30-juli-2017-urlaub-zu-ende-leider\/","title":{"rendered":"rb046 &#8211; NL &#8211; 30. Juli 2017 &#8211; Urlaub zu Ende &#8211; leider"},"content":{"rendered":"\n\t\t\n            <div class=\"podlove-web-player intrinsic-ignore podlove-web-player-loading\" id=\"player-69f18f878b2d2\"><root data-test=\"player--xl\" style=\"max-width:950px;min-width:260px;\">\n  <div class=\"tablet:px-6 tablet:pt-6 mobile:px-4 mobile:pt-4 flex flex-col\">\n    <div class=\"flex-col items-center mobile:flex tablet:hidden\">\n      <show-title class=\"text-sm\"><\/show-title>\n      <episode-title class=\"text-base mb-2\"><\/episode-title>\n      <subscribe-button class=\"mb-4 mobile:flex tablet:hidden\"><\/subscribe-button>\n      <poster class=\"rounded-sm w-48 shadow overflow-hidden\"><\/poster>\n      <divider class=\"w-full my-6\"><\/divider>\n    <\/div>\n\n    <div class=\"tablet:flex flex-grow\">\n      <div class=\"w-64 mobile:hidden tablet:block tablet:mr-6\">\n        <poster class=\"rounded-sm shadow overflow-hidden\"><\/poster>\n      <\/div>\n      <div class=\"w-full\">\n        <div class=\"hidden tablet:block\">\n          <show-title class=\"text-base\"><\/show-title>\n          <episode-title class=\"text-xl desktop:text-2xl\"><\/episode-title>\n          <divider class=\"w-full my-4\"><\/divider>\n        <\/div>\n        <div class=\"flex items-center justify-between\">\n          <div class=\"block\">\n            <play-state on=\"active\">\n              <speed-control class=\"flex items-center\"><\/speed-control>\n            <\/play-state>\n          <\/div>\n\n          <div class=\"flex\">\n            <play-state on=\"active\">\n              <chapter-previous class=\"mx-2 block\"><\/chapter-previous>\n            <\/play-state>\n            <play-state on=\"active\">\n              <step-backward class=\"mx-2 block\"><\/step-backward>\n            <\/play-state>\n\n            <play-button class=\"mx-2 block\" :label=\"$t('PLAYER.PLAY_EPISODE')\"><\/play-button>\n\n            <play-state on=\"active\">\n              <step-forward class=\"mx-2 block\"><\/step-forward>\n            <\/play-state>\n            <play-state on=\"active\">\n              <chapter-next class=\"mx-2 block\"><\/chapter-next>\n            <\/play-state>\n          <\/div>\n\n          <div class=\"block\">\n            <play-state on=\"active\">\n              <volume-control class=\"flex items-center\"><\/volume-control>\n            <\/play-state>\n          <\/div>\n        <\/div>\n        <div class=\"flex w-full\">\n          <progress-bar><\/progress-bar>\n        <\/div>\n        <div class=\"flex w-full -mt-2\">\n          <div class=\"w-3\/12 text-left\">\n            <timer-current class=\"text-sm\"><\/timer-current>\n          <\/div>\n          <div class=\"w-6\/12 text-center truncate\">\n            <play-state on=\"active\">\n              <current-chapter class=\"text-sm\"><\/current-chapter>\n            <\/play-state>\n          <\/div>\n          <div class=\"w-3\/12 text-right\">\n            <timer-duration class=\"text-sm\"><\/timer-duration>\n          <\/div>\n        <\/div>\n      <\/div>\n    <\/div>\n    <divider class=\"w-full mt-6 mb-3\"><\/divider>\n    <div class=\"flex justify-between\">\n      <div class=\"flex mobile:w-full tablet:w-3\/12 desktop:w-3\/12 justify-between\">\n        <tab-trigger tab=\"chapters\">\n          <icon type=\"chapter\"><\/icon>\n        <\/tab-trigger>\n        <tab-trigger tab=\"transcripts\">\n          <icon type=\"transcripts\"><\/icon>\n        <\/tab-trigger>\n        <tab-trigger tab=\"files\">\n          <icon type=\"download\"><\/icon>\n        <\/tab-trigger>\n        <tab-trigger tab=\"playlist\">\n          <icon type=\"playlist\"><\/icon>\n        <\/tab-trigger>\n        <tab-trigger tab=\"share\">\n          <icon type=\"share\"><\/icon>\n        <\/tab-trigger>\n      <\/div>\n      <subscribe-button class=\"mt-1 mobile:hidden tablet:flex\"><\/subscribe-button>\n    <\/div>\n  <\/div>\n  <div class=\"w-full relative overflow-hidden\">\n    <tab name=\"chapters\">\n      <tab-chapters><\/tab-chapters>\n    <\/tab>\n    <tab name=\"transcripts\">\n      <tab-transcripts><\/tab-transcripts>\n    <\/tab>\n    <tab name=\"files\">\n      <tab-files><\/tab-files>\n    <\/tab>\n    <tab name=\"playlist\">\n      <tab-playlist><\/tab-playlist>\n    <\/tab>\n    <tab name=\"share\">\n      <tab-share><\/tab-share>\n    <\/tab>\n    <tab-overflow><\/tab-overflow>\n  <\/div>\n  <error><\/error>\n<\/root>\n<\/div>\n            <script>\n              document.addEventListener(\"DOMContentLoaded\", function() {\n                var player = document.getElementById(\"player-69f18f878b2d2\");\n                podlovePlayerCache.add([{\"url\":\"https:\\\/\\\/www.reisetagebuch-podcast.de\\\/wordpress\\\/wp-json\\\/podlove-web-player\\\/shortcode\\\/publisher\\\/556\",\"data\":{\"version\":5,\"show\":{\"title\":\"Reisetagebuch Podcast\",\"subtitle\":\"Wenn einer eine Reise tut, dann hat er viel zu erz\\u00e4hlen\",\"summary\":\"Ich erz\\u00e4hle euch meine Reisen und nehme euch ein St\\u00fcck weit mit...\",\"poster\":\"https:\\\/\\\/www.reisetagebuch-podcast.de\\\/wordpress\\\/podlove\\\/image\\\/687474703a2f2f7777772e726569736574616765627563682d706f64636173742e64652f776f726470726573732f77702d636f6e74656e742f75706c6f6164732f323031362f30352f4c6f676f30312d4b6f7069652d313430302e706e67\\\/500\\\/0\\\/0\\\/reisetagebuch-podcast\",\"link\":\"https:\\\/\\\/www.reisetagebuch-podcast.de\\\/wordpress\"},\"title\":\"rb046 - NL - 30. Juli 2017 - Urlaub zu Ende - leider\",\"subtitle\":\"\",\"summary\":\"\",\"publicationDate\":\"2018-01-22T17:01:33+01:00\",\"duration\":\"00:00:00.000\",\"poster\":\"https:\\\/\\\/www.reisetagebuch-podcast.de\\\/wordpress\\\/podlove\\\/image\\\/687474703a2f2f7777772e726569736574616765627563682d706f64636173742e64652f776f726470726573732f77702d636f6e74656e742f75706c6f6164732f323031362f30352f4c6f676f30312d4b6f7069652d313430302e706e67\\\/500\\\/0\\\/0\\\/reisetagebuch-podcast\",\"link\":\"https:\\\/\\\/www.reisetagebuch-podcast.de\\\/wordpress\\\/2018\\\/01\\\/22\\\/rb046-nl-30-juli-2017-urlaub-zu-ende-leider\\\/\",\"chapters\":[],\"audio\":[],\"files\":[],\"contributors\":[{\"id\":\"1\",\"name\":\"Mario\",\"avatar\":\"https:\\\/\\\/www.reisetagebuch-podcast.de\\\/wordpress\\\/wp-content\\\/cache\\\/podlove\\\/29\\\/298393e55dac6e4e5f09e48b0d6a4d\\\/mario_150x150.jpg\",\"role\":null,\"group\":null,\"comment\":null}]}}, {\"url\":\"https:\\\/\\\/www.reisetagebuch-podcast.de\\\/wordpress\\\/wp-json\\\/podlove-web-player\\\/shortcode\\\/config\\\/default\\\/theme\\\/default\",\"data\":{\"activeTab\":\"chapters\",\"subscribe-button\":null,\"share\":{\"channels\":[\"facebook\",\"twitter\",\"whats-app\",\"linkedin\",\"pinterest\",\"xing\",\"mail\",\"link\"],\"outlet\":\"https:\\\/\\\/www.reisetagebuch-podcast.de\\\/wordpress\\\/wp-content\\\/plugins\\\/podlove-web-player\\\/web-player\\\/share.html\",\"sharePlaytime\":true},\"related-episodes\":{\"source\":\"disabled\",\"value\":null},\"version\":5,\"theme\":{\"tokens\":{\"brand\":\"#E64415\",\"brandDark\":\"#235973\",\"brandDarkest\":\"#1A3A4A\",\"brandLightest\":\"#E9F1F5\",\"shadeDark\":\"#807E7C\",\"shadeBase\":\"#807E7C\",\"contrast\":\"#000\",\"alt\":\"#fff\"},\"fonts\":{\"ci\":{\"name\":\"ci\",\"family\":[\"-apple-system\",\"BlinkMacSystemFont\",\"Segoe UI\",\"Roboto\",\"Helvetica\",\"Arial\",\"sans-serif\",\"Apple Color Emoji\",\"Segoe UI Emoji\\\", \\\"Segoe UI Symbol\"],\"src\":[],\"weight\":800},\"regular\":{\"name\":\"regular\",\"family\":[\"-apple-system\",\"BlinkMacSystemFont\",\"Segoe UI\",\"Roboto\",\"Helvetica\",\"Arial\",\"sans-serif\",\"Apple Color Emoji\",\"Segoe UI Emoji\\\", \\\"Segoe UI Symbol\"],\"src\":[],\"weight\":300},\"bold\":{\"name\":\"bold\",\"family\":[\"-apple-system\",\"BlinkMacSystemFont\",\"Segoe UI\",\"Roboto\",\"Helvetica\",\"Arial\",\"sans-serif\",\"Apple Color Emoji\",\"Segoe UI Emoji\\\", \\\"Segoe UI Symbol\"],\"src\":[],\"weight\":700}}},\"base\":\"https:\\\/\\\/www.reisetagebuch-podcast.de\\\/wordpress\\\/wp-content\\\/plugins\\\/podlove-web-player\\\/web-player\\\/\"}}]);\n                podlovePlayer(player, \"https:\/\/www.reisetagebuch-podcast.de\/wordpress\/wp-json\/podlove-web-player\/shortcode\/publisher\/556\", \"https:\/\/www.reisetagebuch-podcast.de\/wordpress\/wp-json\/podlove-web-player\/shortcode\/config\/default\/theme\/default\").then(function() {\n                  player && player.classList.remove(\"podlove-web-player-loading\");\n                });\n              });\n            <\/script>\n            <style>\n              .podlove-web-player.podlove-web-player-loading {\n                opacity: 0;\n              }\n            <\/style>\n        \n\t\n\t\t<form action=\"#\"><div class=\"episode_downloads\"><input type=\"hidden\" name=\"ptm_source\" value=\"download\" \/><input type=\"hidden\" name=\"ptm_context\" value=\"select-button\" \/><select name=\"download_media_file\"><\/select><button class=\"podlove-download-primary\">Download<\/button><button class=\"podlove-download-secondary\">Show URL<\/button><\/div><\/form><script>\nfunction podlove_document_ready(fn) {\n  if (document.readyState != 'loading'){\n    fn();\n  } else {\n    document.addEventListener('DOMContentLoaded', fn);\n  }\n}\n\npodlove_document_ready(function() {\n\tdocument.querySelectorAll(\".episode_downloads\").forEach(function(item) {\n        var selectEl = item.querySelector(\"select\");\n\n        item.querySelector(\"button.podlove-download-secondary\").addEventListener(\"click\", function(e) {\n\t\t\te.preventDefault();\n            var optionEl = selectEl.querySelector(\"option[value='\"+ selectEl.value +\"']\")\n            let url = optionEl.dataset.rawUrl;\n\t\t\tprompt(\"Feel free to copy and paste this URL\", url);\n\t\t\treturn false;\n\t\t})\n\t});\n});\n<\/script>\n<p>Urlaub, so sch\u00f6n das auch ist aber leider geht der auch irgend wann mal zu Ende. So auch bei uns&#8230;<\/p>\n<p>Wie das Auto beladen aussieht, muss ich ja nicht wieder sagen oder zeigen. Es war voll und wir hatten ja auch noch die Kinderfahrr\u00e4der drin.<\/p>\n<p>Zur\u00fcck blieb nur ein heller Fleck auf der Wiese, auch diese vermisste uns schon.<\/p>\n<p><a href=\"http:\/\/www.reisetagebuch-podcast.de\/wordpress\/wp-content\/uploads\/2018\/01\/20170730_111937-1.jpg\"><img loading=\"lazy\" decoding=\"async\" class=\"aligncenter size-medium wp-image-558\" src=\"http:\/\/www.reisetagebuch-podcast.de\/wordpress\/wp-content\/uploads\/2018\/01\/20170730_111937-1-225x300.jpg\" alt=\"\" width=\"225\" height=\"300\" srcset=\"https:\/\/www.reisetagebuch-podcast.de\/wordpress\/wp-content\/uploads\/2018\/01\/20170730_111937-1-225x300.jpg 225w, https:\/\/www.reisetagebuch-podcast.de\/wordpress\/wp-content\/uploads\/2018\/01\/20170730_111937-1.jpg 675w\" sizes=\"auto, (max-width: 225px) 100vw, 225px\" \/><\/a>Mein Fazit zu Zeeland: sehr sch\u00f6n hier, ein super Zeltplatz, viele Angebote f\u00fcr Kinder und wirklich eine Empfehlung. Ich w\u00fcrde sofort ohne zu \u00dcberlegen wiederkommen und auch mal 14 Tage bleiben, schon wegen der Anfahrt.<\/p>\n<p>Deswegen hier auch noch mal der link zum Zeltplatz <a href=\"https:\/\/www.ardoer.com\/de\/\">www.ardoer.com\/de<\/a><\/p>\n<p><a href=\"http:\/\/www.reisetagebuch-podcast.de\/wordpress\/wp-content\/uploads\/2018\/01\/20170730_213343.jpg\" target=\"_blank\" rel=\"noopener\"><img loading=\"lazy\" decoding=\"async\" class=\"aligncenter size-medium wp-image-555\" src=\"http:\/\/www.reisetagebuch-podcast.de\/wordpress\/wp-content\/uploads\/2018\/01\/20170730_213343-300x225.jpg\" alt=\"\" width=\"300\" height=\"225\" srcset=\"https:\/\/www.reisetagebuch-podcast.de\/wordpress\/wp-content\/uploads\/2018\/01\/20170730_213343-300x225.jpg 300w, https:\/\/www.reisetagebuch-podcast.de\/wordpress\/wp-content\/uploads\/2018\/01\/20170730_213343-768x576.jpg 768w, https:\/\/www.reisetagebuch-podcast.de\/wordpress\/wp-content\/uploads\/2018\/01\/20170730_213343.jpg 900w\" sizes=\"auto, (max-width: 300px) 100vw, 300px\" \/><\/a><\/p>\n<p>Nach 8,5 Stunden Fahrt, waren wir auch endlich wieder zu Hause angekommen und ds war dann schon ein Hammerritt. So was brauchen wir nicht immer. Auch die Kinder waren froh, als wir zu Hause waren. Aber, sch\u00f6n war es<\/p>\n","protected":false},"author":1,"featured_media":0,"comment_status":"open","ping_status":"open","template":"","meta":{"activitypub_content_warning":"","activitypub_content_visibility":"","activitypub_max_image_attachments":3,"activitypub_interaction_policy_quote":"anyone","activitypub_status":"","footnotes":""},"tags":[201,240,37,61,265,39,77,264,50,239,6,238,5,237,60,54],"class_list":["post-556","podcast","type-podcast","status-publish","hentry","tag-201","tag-ardoer-com","tag-autobahn","tag-camping","tag-campingplatz","tag-kinder","tag-leuchtturm","tag-link","tag-niederlande","tag-nieuwvliet","tag-reise","tag-seeland","tag-urlaub","tag-zeeland","tag-zelt","tag-zeltplatz","post"],"_links":{"self":[{"href":"https:\/\/www.reisetagebuch-podcast.de\/wordpress\/wp-json\/wp\/v2\/episodes\/556","targetHints":{"allow":["GET"]}}],"collection":[{"href":"https:\/\/www.reisetagebuch-podcast.de\/wordpress\/wp-json\/wp\/v2\/episodes"}],"about":[{"href":"https:\/\/www.reisetagebuch-podcast.de\/wordpress\/wp-json\/wp\/v2\/types\/podcast"}],"author":[{"embeddable":true,"href":"https:\/\/www.reisetagebuch-podcast.de\/wordpress\/wp-json\/wp\/v2\/users\/1"}],"replies":[{"embeddable":true,"href":"https:\/\/www.reisetagebuch-podcast.de\/wordpress\/wp-json\/wp\/v2\/comments?post=556"}],"version-history":[{"count":2,"href":"https:\/\/www.reisetagebuch-podcast.de\/wordpress\/wp-json\/wp\/v2\/episodes\/556\/revisions"}],"predecessor-version":[{"id":559,"href":"https:\/\/www.reisetagebuch-podcast.de\/wordpress\/wp-json\/wp\/v2\/episodes\/556\/revisions\/559"}],"wp:attachment":[{"href":"https:\/\/www.reisetagebuch-podcast.de\/wordpress\/wp-json\/wp\/v2\/media?parent=556"}],"wp:term":[{"taxonomy":"post_tag","embeddable":true,"href":"https:\/\/www.reisetagebuch-podcast.de\/wordpress\/wp-json\/wp\/v2\/tags?post=556"}],"curies":[{"name":"wp","href":"https:\/\/api.w.org\/{rel}","templated":true}]}}

<div class="podlove-web-player intrinsic-ignore podlove-web-player-loading" id="player-69f18f878b2d2"><root data-test="player--xl" style="max-width:950px;min-width:260px;">
  <div class="tablet:px-6 tablet:pt-6 mobile:px-4 mobile:pt-4 flex flex-col">
    <div class="flex-col items-center mobile:flex tablet:hidden">
      <show-title class="text-sm"></show-title>
      <episode-title class="text-base mb-2"></episode-title>
      <subscribe-button class="mb-4 mobile:flex tablet:hidden"></subscribe-button>
      <poster class="rounded-sm w-48 shadow overflow-hidden"></poster>
      <divider class="w-full my-6"></divider>
    </div>

    <div class="tablet:flex flex-grow">
      <div class="w-64 mobile:hidden tablet:block tablet:mr-6">
        <poster class="rounded-sm shadow overflow-hidden"></poster>
      </div>
      <div class="w-full">
        <div class="hidden tablet:block">
          <show-title class="text-base"></show-title>
          <episode-title class="text-xl desktop:text-2xl"></episode-title>
          <divider class="w-full my-4"></divider>
        </div>
        <div class="flex items-center justify-between">
          <div class="block">
            <play-state on="active">
              <speed-control class="flex items-center"></speed-control>
            </play-state>
          </div>

          <div class="flex">
            <play-state on="active">
              <chapter-previous class="mx-2 block"></chapter-previous>
            </play-state>
            <play-state on="active">
              <step-backward class="mx-2 block"></step-backward>
            </play-state>

            <play-button class="mx-2 block" :label="$t('PLAYER.PLAY_EPISODE')"></play-button>

            <play-state on="active">
              <step-forward class="mx-2 block"></step-forward>
            </play-state>
            <play-state on="active">
              <chapter-next class="mx-2 block"></chapter-next>
            </play-state>
          </div>

          <div class="block">
            <play-state on="active">
              <volume-control class="flex items-center"></volume-control>
            </play-state>
          </div>
        </div>
        <div class="flex w-full">
          <progress-bar></progress-bar>
        </div>
        <div class="flex w-full -mt-2">
          <div class="w-3/12 text-left">
            <timer-current class="text-sm"></timer-current>
          </div>
          <div class="w-6/12 text-center truncate">
            <play-state on="active">
              <current-chapter class="text-sm"></current-chapter>
            </play-state>
          </div>
          <div class="w-3/12 text-right">
            <timer-duration class="text-sm"></timer-duration>
          </div>
        </div>
      </div>
    </div>
    <divider class="w-full mt-6 mb-3"></divider>
    <div class="flex justify-between">
      <div class="flex mobile:w-full tablet:w-3/12 desktop:w-3/12 justify-between">
        <tab-trigger tab="chapters">
          <icon type="chapter"></icon>
        </tab-trigger>
        <tab-trigger tab="transcripts">
          <icon type="transcripts"></icon>
        </tab-trigger>
        <tab-trigger tab="files">
          <icon type="download"></icon>
        </tab-trigger>
        <tab-trigger tab="playlist">
          <icon type="playlist"></icon>
        </tab-trigger>
        <tab-trigger tab="share">
          <icon type="share"></icon>
        </tab-trigger>
      </div>
      <subscribe-button class="mt-1 mobile:hidden tablet:flex"></subscribe-button>
    </div>
  </div>
  <div class="w-full relative overflow-hidden">
    <tab name="chapters">
      <tab-chapters></tab-chapters>
    </tab>
    <tab name="transcripts">
      <tab-transcripts></tab-transcripts>
    </tab>
    <tab name="files">
      <tab-files></tab-files>
    </tab>
    <tab name="playlist">
      <tab-playlist></tab-playlist>
    </tab>
    <tab name="share">
      <tab-share></tab-share>
    </tab>
    <tab-overflow></tab-overflow>
  </div>
  <error></error>
</root>
</div>
            <script>
              document.addEventListener("DOMContentLoaded", function() {
                var player = document.getElementById("player-69f18f878b2d2");
                podlovePlayerCache.add([{"url":"https:\/\/www.reisetagebuch-podcast.de\/wordpress\/wp-json\/podlove-web-player\/shortcode\/publisher\/556","data":{"version":5,"show":{"title":"Reisetagebuch Podcast","subtitle":"Wenn einer eine Reise tut, dann hat er viel zu erz\u00e4hlen","summary":"Ich erz\u00e4hle euch meine Reisen und nehme euch ein St\u00fcck weit mit...","poster":"https:\/\/www.reisetagebuch-podcast.de\/wordpress\/podlove\/image\/687474703a2f2f7777772e726569736574616765627563682d706f64636173742e64652f776f726470726573732f77702d636f6e74656e742f75706c6f6164732f323031362f30352f4c6f676f30312d4b6f7069652d313430302e706e67\/500\/0\/0\/reisetagebuch-podcast","link":"https:\/\/www.reisetagebuch-podcast.de\/wordpress"},"title":"rb046 - NL - 30. Juli 2017 - Urlaub zu Ende - leider","subtitle":"","summary":"","publicationDate":"2018-01-22T17:01:33+01:00","duration":"00:00:00.000","poster":"https:\/\/www.reisetagebuch-podcast.de\/wordpress\/podlove\/image\/687474703a2f2f7777772e726569736574616765627563682d706f64636173742e64652f776f726470726573732f77702d636f6e74656e742f75706c6f6164732f323031362f30352f4c6f676f30312d4b6f7069652d313430302e706e67\/500\/0\/0\/reisetagebuch-podcast","link":"https:\/\/www.reisetagebuch-podcast.de\/wordpress\/2018\/01\/22\/rb046-nl-30-juli-2017-urlaub-zu-ende-leider\/","chapters":[],"audio":[],"files":[],"contributors":[{"id":"1","name":"Mario","avatar":"https:\/\/www.reisetagebuch-podcast.de\/wordpress\/wp-content\/cache\/podlove\/29\/298393e55dac6e4e5f09e48b0d6a4d\/mario_150x150.jpg","role":null,"group":null,"comment":null}]}}, {"url":"https:\/\/www.reisetagebuch-podcast.de\/wordpress\/wp-json\/podlove-web-player\/shortcode\/config\/default\/theme\/default","data":{"activeTab":"chapters","subscribe-button":null,"share":{"channels":["facebook","twitter","whats-app","linkedin","pinterest","xing","mail","link"],"outlet":"https:\/\/www.reisetagebuch-podcast.de\/wordpress\/wp-content\/plugins\/podlove-web-player\/web-player\/share.html","sharePlaytime":true},"related-episodes":{"source":"disabled","value":null},"version":5,"theme":{"tokens":{"brand":"#E64415","brandDark":"#235973","brandDarkest":"#1A3A4A","brandLightest":"#E9F1F5","shadeDark":"#807E7C","shadeBase":"#807E7C","contrast":"#000","alt":"#fff"},"fonts":{"ci":{"name":"ci","family":["-apple-system","BlinkMacSystemFont","Segoe UI","Roboto","Helvetica","Arial","sans-serif","Apple Color Emoji","Segoe UI Emoji\", \"Segoe UI Symbol"],"src":[],"weight":800},"regular":{"name":"regular","family":["-apple-system","BlinkMacSystemFont","Segoe UI","Roboto","Helvetica","Arial","sans-serif","Apple Color Emoji","Segoe UI Emoji\", \"Segoe UI Symbol"],"src":[],"weight":300},"bold":{"name":"bold","family":["-apple-system","BlinkMacSystemFont","Segoe UI","Roboto","Helvetica","Arial","sans-serif","Apple Color Emoji","Segoe UI Emoji\", \"Segoe UI Symbol"],"src":[],"weight":700}}},"base":"https:\/\/www.reisetagebuch-podcast.de\/wordpress\/wp-content\/plugins\/podlove-web-player\/web-player\/"}}]);
                podlovePlayer(player, "https://www.reisetagebuch-podcast.de/wordpress/wp-json/podlove-web-player/shortcode/publisher/556", "https://www.reisetagebuch-podcast.de/wordpress/wp-json/podlove-web-player/shortcode/config/default/theme/default").then(function() {
                  player && player.classList.remove("podlove-web-player-loading");
                });
              });
            </script>
            <style>
              .podlove-web-player.podlove-web-player-loading {
                opacity: 0;
              }
            </style>
        
	
		<form action="#"><div class="episode_downloads"><input type="hidden" name="ptm_source" value="download" /><input type="hidden" name="ptm_context" value="select-button" /><select name="download_media_file"></select><button class="podlove-download-primary">Download</button><button class="podlove-download-secondary">Show URL</button></div></form><script>
function podlove_document_ready(fn) {
  if (document.readyState != 'loading'){
    fn();
  } else {
    document.addEventListener('DOMContentLoaded', fn);
  }
}

podlove_document_ready(function() {
	document.querySelectorAll(".episode_downloads").forEach(function(item) {
        var selectEl = item.querySelector("select");

        item.querySelector("button.podlove-download-secondary").addEventListener("click", function(e) {
			e.preventDefault();
            var optionEl = selectEl.querySelector("option[value='"+ selectEl.value +"']")
            let url = optionEl.dataset.rawUrl;
			prompt("Feel free to copy and paste this URL", url);
			return false;
		})
	});
});
</script>
<p>Urlaub, so schön das auch ist aber leider geht der auch irgend wann mal zu Ende. So auch bei uns&#8230;</p>
<p>Wie das Auto beladen aussieht, muss ich ja nicht wieder sagen oder zeigen. Es war voll und wir hatten ja auch noch die Kinderfahrräder drin.</p>
<p>Zurück blieb nur ein heller Fleck auf der Wiese, auch diese vermisste uns schon.</p>
<p><a href="http://www.reisetagebuch-podcast.de/wordpress/wp-content/uploads/2018/01/20170730_111937-1.jpg"><img loading="lazy" decoding="async" class="aligncenter size-medium wp-image-558" src="http://www.reisetagebuch-podcast.de/wordpress/wp-content/uploads/2018/01/20170730_111937-1-225x300.jpg" alt="" width="225" height="300" srcset="https://www.reisetagebuch-podcast.de/wordpress/wp-content/uploads/2018/01/20170730_111937-1-225x300.jpg 225w, https://www.reisetagebuch-podcast.de/wordpress/wp-content/uploads/2018/01/20170730_111937-1.jpg 675w" sizes="auto, (max-width: 225px) 100vw, 225px" /></a>Mein Fazit zu Zeeland: sehr schön hier, ein super Zeltplatz, viele Angebote für Kinder und wirklich eine Empfehlung. Ich würde sofort ohne zu Überlegen wiederkommen und auch mal 14 Tage bleiben, schon wegen der Anfahrt.</p>
<p>Deswegen hier auch noch mal der link zum Zeltplatz <a href="https://www.ardoer.com/de/">www.ardoer.com/de</a></p>
<p><a href="http://www.reisetagebuch-podcast.de/wordpress/wp-content/uploads/2018/01/20170730_213343.jpg" target="_blank" rel="noopener"><img loading="lazy" decoding="async" class="aligncenter size-medium wp-image-555" src="http://www.reisetagebuch-podcast.de/wordpress/wp-content/uploads/2018/01/20170730_213343-300x225.jpg" alt="" width="300" height="225" srcset="https://www.reisetagebuch-podcast.de/wordpress/wp-content/uploads/2018/01/20170730_213343-300x225.jpg 300w, https://www.reisetagebuch-podcast.de/wordpress/wp-content/uploads/2018/01/20170730_213343-768x576.jpg 768w, https://www.reisetagebuch-podcast.de/wordpress/wp-content/uploads/2018/01/20170730_213343.jpg 900w" sizes="auto, (max-width: 300px) 100vw, 300px" /></a></p>
<p>Nach 8,5 Stunden Fahrt, waren wir auch endlich wieder zu Hause angekommen und ds war dann schon ein Hammerritt. So was brauchen wir nicht immer. Auch die Kinder waren froh, als wir zu Hause waren. Aber, schön war es</p>
